{"id":592,"date":"2024-07-04T23:18:40","date_gmt":"2024-07-04T23:18:40","guid":{"rendered":"https:\/\/tarotmar.es\/?page_id=592"},"modified":"2025-03-22T06:31:55","modified_gmt":"2025-03-22T06:31:55","slug":"aviso-legal","status":"publish","type":"page","link":"https:\/\/tarotmar.es\/index.php\/aviso-legal\/","title":{"rendered":"Aviso legal"},"content":{"rendered":"\n<p><\/p>\n\n\n\n<div class=\"wp-block-group\"><div class=\"wp-block-group__inner-container is-layout-constrained wp-block-group-is-layout-constrained\">\n<p class=\"has-text-align-left has-contrast-color has-text-color has-link-color has-medium-font-size wp-elements-5a3d63f7483b82fc47b974e0b3a2380d\">Condiciones Generales de Utilizaci\u00f3n del Sitio Web del Cliente<\/p>\n\n\n\n<p class=\"has-text-align-left has-contrast-color has-text-color has-link-color has-medium-font-size wp-elements-7e6e55966e97ea732a6aa046c3cf5386\"><strong>1. Datos identificativos e informaci\u00f3n general<\/strong>. Esta direcci\u00f3n Web, es un dominio de Internet que contiene un Portal de Internet o P\u00e1gina web (en adelante el \u00abPortal\u00bb), propiedad de Jennifer L\u00f3pez Costas (en adelante \u201cAura Consulting\u201d), con domicilio postal en el apartado de correos n\u00ba 3 de la localidad de Moa\u00f1a- Pontevedra; C.P. 36950 , con C.I.F.: 39458822E . La utilizaci\u00f3n de este Portal atribuye la condici\u00f3n de usuario del Portal (en adelante, el \u00abUsuario\u00bb) y est\u00e1 sujeta a las siguientes condiciones generales de uso (en adelante las \u00abCondiciones Generales\u00bb), incluyendo el mero acceso. Le rogamos que las lea atentamente. El acceso al Portal y\/o la utilizaci\u00f3n de sus contenidos significa que el Usuario ha le\u00eddo atentamente y acepta en su integridad, y sin reserva alguna, las Condiciones Generales vigentes en cada momento. En alg\u00fan caso, la utilizaci\u00f3n de determinados contenidos y servicios ofrecidos en este Portal (en adelante \u00abContenidos\u00bb y \u00abServicios\u00bb) puede estar sujeta a condiciones particulares de utilizaci\u00f3n (en adelante \u00abCondiciones Particulares\u00bb) que, en su caso, sustituyen, completan y\/o modifican las Condiciones Generales y que deber\u00e1n ser aceptadas por el Usuario antes de iniciarse la prestaci\u00f3n del servicio correspondiente. En cualquier caso, \u201cAura Consulting\u201d , se reserva el derecho de modificar, en cualquier momento y sin necesidad de previo aviso, la configuraci\u00f3n y presentaci\u00f3n del Portal, incluso las Condiciones (Generales o Particulares) de su uso. \u201cAura Consulting\u201d no ser\u00e1 responsable por los da\u00f1os y perjuicios de cualquier tipo derivadas directa o indirectamente de la falta de lectura de estas Condiciones Generales ni, en su caso, de las Condiciones Particulares, o del incumplimiento de las obligaciones especificadas en cada uno sus apartados.<\/p>\n\n\n\n<p class=\"has-text-align-left has-contrast-color has-text-color has-link-color has-medium-font-size wp-elements-a14d18bc467486360fdff46e45e9933f\"><strong>2. Uso del Portal.\u00a0<\/strong>Salvo que se disponga lo contrario y sea informado previamente en nuestras Condiciones Particulares, el acceso y utilizaci\u00f3n de este Portal es gratuito, excepto en lo relativo al coste de la conexi\u00f3n que cada operador factura a sus usuarios, siendo este coste ajeno a la actividad de \u201cAura Consulting\u201d ya que es un servicio de contrataci\u00f3n realizado a trav\u00e9s de la correspondiente red de telecomunicaciones que contrate el Usuario. El Usuario se obliga a hacer un uso responsable del Portal, de conformidad con la Ley y las presentes Condiciones Generales y responder\u00e1, frente a \u201cAura Consulting\u201d o frente a terceros, de los da\u00f1os y perjuicios que pudieran causarse como consecuencia del incumplimiento de dicha obligaci\u00f3n. En concreto, se compromete a no llevar a cabo ninguna conducta que pudiera da\u00f1ar la imagen, los intereses y los derechos de \u201cAura Consulting\u201d o de terceros, o que pudiera da\u00f1ar, sobrecargar, inutilizar o impedir la normal utilizaci\u00f3n del Portal. El acceso a determinadas partes del Portal puede estar reservado Usuarios autorizados, cuya identificaci\u00f3n y autenticaci\u00f3n se realizar\u00e1 mediante identificador valido.<\/p>\n\n\n\n<p class=\"has-text-align-left has-contrast-color has-text-color has-link-color has-medium-font-size wp-elements-bc8dcf30bbe987700c1bb37b0f20501b\"><strong>3. Propiedad Intelectual e Industrial.<\/strong>\u00a0Todos los Contenidos del Portal, entendiendo por tales, a t\u00edtulo meramente enunciativo, las marcas, logotipos y otros signos distintivos, combinaciones de colores, textos, im\u00e1genes, fotograf\u00edas, iconos, tecnolog\u00eda, programas, enlaces, dise\u00f1o gr\u00e1fico, fuentes y otras formas de presentaci\u00f3n, son propiedad intelectual de \u201cAura Consulting\u201d, sin que puedan entenderse cedidos al Usuario los derechos de explotaci\u00f3n reconocidos por la normativa vigente en materia de propiedad intelectual e industrial.<\/p>\n\n\n\n<p class=\"has-text-align-left has-contrast-color has-text-color has-link-color has-medium-font-size wp-elements-188eb4cad0bd4f1576e060f7ccf541be\">El Usuario se compromete a utilizar los Contenidos de conformidad con la Ley y las presentes Condiciones Generales. En tal sentido, y con car\u00e1cter mera- mente enunciativo, el Usuario se abstendr\u00e1 de reproducir, copiar, distribuir, poner a disposici\u00f3n, comunicar p\u00fablicamente, transformar o modificar, extraer, reutilizar, reenviar o utilizar de cualquier otra forma los Contenidos, salvo en los casos autorizados en que est\u00e1 legalmente permitido o sea autorizado por quien ostente la titularidad de los correspondientes derechos. Se autoriza la visualizaci\u00f3n, impresi\u00f3n y descarga parcial del contenido del Portal s\u00f3lo y exclusivamente si concurren las siguientes circunstancias: que sea compatible con los fines del Portal, que no se realice con fines comerciales o para su distribuci\u00f3n, comunicaci\u00f3n p\u00fablica o transformaci\u00f3n, que ninguno de los contenidos del Portal sea modificado, que ning\u00fan gr\u00e1fico, icono o imagen disponible en el Portal sea utilizado, copiado o distribuido separadamente del texto o del resto de im\u00e1genes que lo acompa\u00f1an, y que se cite la fuente. Toda la informaci\u00f3n que se reciba en este Portal, tal como comentarios, sugerencias o ideas, se considerar\u00e1 cedida a t\u00edtulo gratuito. No env\u00ede informaci\u00f3n que no pueda ser tratada de esta forma. \u201cAura Consulting\u201d no ser\u00e1 responsable de las infracciones de cualquier Usuario que afecten a los derechos de otro Usuario o de terceros, incluyendo los derechos de copyright, marcas, patentes, informaci\u00f3n confidencial y cualquier otro derecho de propiedad intelectual o industrial.<\/p>\n\n\n\n<p class=\"has-text-align-left has-contrast-color has-text-color has-link-color has-medium-font-size wp-elements-5d5cd8d253f02c3809662798326a75df\"><strong>4. Contenidos.<\/strong>\u00a0Los Contenidos que se muestran en este Portal son de car\u00e1cter meramente informativo y comercial que proceden de fuentes propias \u201cAura Consulting\u201d procura que dichos Contenidos sean de la mayor calidad posible y est\u00e9n razonablemente actualizados, pero desaconseja al Usuario la toma de decisiones sobre la base de la informaci\u00f3n contenida en el Portal de uso general, sin obtener un asesoramiento profesional adecuado. \u201cAura Consulting\u201d no se responsabiliza de las decisiones tomadas a partir de la informaci\u00f3n suministrada en el Portal ni de los da\u00f1os y perjuicios producidos en el Usuario o terceros con motivo de actuaciones que tengan como \u00fanico fundamento la informaci\u00f3n contenida en el Portal. La inclusi\u00f3n de tales contenidos en el Portal, en ning\u00fan caso podr\u00e1 ser considerada como sustitutiva de un asesoramiento legal o de otra naturaleza, ni significa la existencia de una relaci\u00f3n, de confianza o profesional, entre \u201cAura Consulting\u201d y el Usuario. Asimismo, \u201cAura Consulting\u201d se reserva el derecho a modificar, actualizar o eliminar la referida informaci\u00f3n, en cualquier momento y sin previo aviso.<\/p>\n\n\n\n<p class=\"has-text-align-left has-contrast-color has-text-color has-link-color has-medium-font-size wp-elements-4b9cbf093d230fdedefe3a3b7294a36d\"><strong>5. Sitios enlazados e hiperenlaces<\/strong>. Los enlaces o hiperenlaces que contiene este Portal pueden conducir al Usuario a otros sitios web gestionados por terceros, ajenos a \u201cAura Consulting\u201d El Usuario que quiera introducir enlaces desde sus propias p\u00e1ginas web al Portal de \u201cAura Consulting\u201d (\u00abHiperenlace\u00bb), deber\u00e1 obtener una autorizaci\u00f3n previa y por escrito de \u201cAura Consulting\u201d Dicho hiperenlace deber\u00e1 vincularse, en todo caso, a su p\u00e1gina principal, quedando expresamente prohibido establecer marcos que envuelvan el Portal o permitan la visualizaci\u00f3n de sus Contenidos a trav\u00e9s de direcciones de Internet distintas a las del Portal, especialmente cuando produzcan o puedan producir error, confusi\u00f3n o enga\u00f1o en el Usuario sobre la verdadera procedencia de los Contenidos o Servicios, o suponga un acto de comparaci\u00f3n o imitaci\u00f3n desleal, o de cualquier otra forma prohibida por la legislaci\u00f3n vigente. En cualquier caso, el acceso a estos sitios no implica que \u201cAura Consulting\u201d recomiende o apruebe sus contenidos y\/o servicios, como tampoco presupone la existencia de relaciones entre \u201cAura Consulting\u201d y el propietario del sitio o p\u00e1gina web en la que se establezca el enlace o el hiperenlace. El Usuario asume de manera exclusiva toda responsabilidad de la navegaci\u00f3n a trav\u00e9s de los mismos.<\/p>\n\n\n\n<p class=\"has-text-align-left has-contrast-color has-text-color has-link-color has-medium-font-size wp-elements-fa090f48347f9b400ef67fa89757743b\">\u201cAura Consulting\u201d no conoce los contenidos y servicios de los sitios enlazados y, por tanto, no asume responsabilidad alguna frente al Usuario del Portal, por los da\u00f1os derivados de la ilicitud, calidad, no actualizaci\u00f3n, indisponibilidad, error, virus e inutilidad de los contenidos y\/o servicios de los sitios enlazados, ni por cualquier otro da\u00f1o que no sea directamente imputable a \u201cAura Consulting\u201d. Aunque los enlaces son supervisados regularmente para que no suceda, en el caso de que el Usuario observe que los contenidos o los servicios prestados por las p\u00e1ginas enlazadas son il\u00edcitos, vulneran valores o principios constitucionales, o lesionan bienes o derechos del propio Usuario o de un tercero, rogamos nos comunique inmediatamente dicha circunstancia, especialmente si los enlaces consisten en actividades o contenidos susceptibles de ser considerados delictivos conforme a la normativa penal espa\u00f1ola, o violen derechos de propiedad intelectual o industrial, o pongan en peligro el orden p\u00fablico, la investigaci\u00f3n penal, la seguridad p\u00fablica, la defensa nacional, la protecci\u00f3n de la salud p\u00fablica, el respeto a la dignidad de la persona, el principio de no discriminaci\u00f3n, la protecci\u00f3n de la salud y la infancia o cualquier otro valor o principio constitucional. La recepci\u00f3n por parte de \u201cAura Consulting\u201d de la referida comunicaci\u00f3n no implica el conocimiento efectivo de las actividades y\/o contenidos indicados por el comunicante. En todo caso, \u201cAura Consulting\u201d se reserva el derecho de prohibir o inutilizar en cualquier momento cualquier enlace o hiperenlace al Portal, especialmente en los supuestos de ilicitud de la actividad o contenidos del sitio web en el que se incluya el hiperenlace<\/p>\n\n\n\n<p class=\"has-text-align-left has-contrast-color has-text-color has-link-color has-medium-font-size wp-elements-4ae60ac420935b7e385d27e7d4d03877\">.<strong>\u00a06. Menores de edad<\/strong>. El uso de los servicios publicados en la web, esta dirigido \u00fanicamente a mayores de edad. No obstante los menores que hagan uso del mismo deber\u00e1n haber obtenido previamente el consentimiento de los padres, tutores o representantes legales, responsables \u00faltimos de todos los actos realizados por los menores a su cargo. \u201cAura Consulting\u201d no se hace responsable del acceso de estos a trav\u00e9s de la utilizaci\u00f3n de datos inexactos recomendando para evitar este tipo de acciones mecanismos, en particular programas inform\u00e1ticos, filtros y bloqueos, que permitan limitar los contenidos disponibles que a pesar de que no sean infalibles, son de especial utilidad para controlar y restringir los materiales a los que pueden acceder los menores.<\/p>\n\n\n\n<p class=\"has-text-align-left has-contrast-color has-text-color has-link-color has-medium-font-size wp-elements-8f0bc0a256618980c21b4193466d2ad2\"><strong>7. Protecci\u00f3n de Datos de Car\u00e1cter Personal.<\/strong>\u00a0El acceso al Portal no implica la obligaci\u00f3n de proporcionar informaci\u00f3n de car\u00e1cter personal. Sin embargo, la utilizaci\u00f3n de ciertos Servicios dirigidos a \u201cAura Consulting\u201d, que obliguen a realizar alguna actividad de tratamiento, se ajustara a los principio de legitimaci\u00f3n mencionados en cada Registro de Actividades de Tratamientos publicados en nuestra Pol\u00edtica de Privacidad. En tal sentido, el hecho de cubrir los formularios contemplados en el Portal, remitir correos electr\u00f3nicos, o transmitir datos personales por cualquier otro medio telem\u00e1tico a \u201cAura Consulting\u201d, supone que el Usuario es consciente de que dichos datos ser\u00e1n incorporados al fichero correspondiente del que es responsable \u201cAura Consulting\u201d, e incorporados a cada categor\u00eda de dato, siendo tratados con los fines, confidencialidad, limitaciones, bases de legitimaci\u00f3n y derechos que contempla la Ley Org\u00e1nica 3\/2018, de 5 de diciembre, de Protecci\u00f3n de Datos de Car\u00e1cter Personal, as\u00ed como el Reglamento 2016\/679 del parlamento europeo y del consejo de 27 de abril de 2016. \u201cAura Consulting\u201d, cumpliendo el principio de exactitud que menciona el articulo 5 del Reglamento UE 2016\/679, cancelar\u00e1, borrar\u00e1 y\/o bloquear\u00e1 los datos cuando resulten inexactos, incompletos o hayan dejado de ser necesarios o pertinentes para su finalidad de forma unilateral o a petici\u00f3n del titular de los datos. Con dicho fin, el Usuario garantiza que la informaci\u00f3n facilitada a \u201cAura Consulting\u201d es veraz, comprometi\u00e9ndose a comunicar cualquier cambio en sus datos personales, de forma que la informaci\u00f3n se mantenga permanentemente actualizada y responda a la situaci\u00f3n real del Usuario. En todo caso, el Usuario ser\u00e1 el \u00fanico responsable de las manifestaciones falsas<\/p>\n\n\n\n<p class=\"has-text-align-left has-contrast-color has-text-color has-link-color has-medium-font-size wp-elements-cd54e59fb14ee409157287ae43624610\">o inexactas que realice y\/o de los perjuicios que cause a \u201cAura Consulting\u201d y\/o a terceros por la informaci\u00f3n facilitada. \u201cAura Consulting\u201d ha adoptado cuantas medidas t\u00e9cnicas y organizativas han resultado necesarias para evitar la p\u00e9rdida, mal uso, alteraci\u00f3n, acceso no autorizado o sustracci\u00f3n de los datos facilitados por el Usuario, si bien \u00e9ste debe ser consciente de que las medidas de seguridad en Internet no son infalibles. El acceso a esta informaci\u00f3n est\u00e1 restringido a ciertos usuarios con protocolo de seguridad establecida que leg\u00edtimamente necesiten utilizarla para el cumplimiento de la finalidad definida en nuestra Pol\u00edtica de protecci\u00f3n de Datos. \u201cAura Consulting\u201d no utiliza cookies para acceder a informaci\u00f3n relativa al Usuario. Sin embargo, se reserva el derecho de modificar su criterio respecto al uso de cookies publicando previamente toda la informaci\u00f3n en la Pol\u00edtica de Cookies.<\/p>\n\n\n\n<p class=\"has-text-align-left has-contrast-color has-text-color has-link-color has-medium-font-size wp-elements-60af5dcb0bdcc4058af77616fed1bb9e\"><strong>8. Seguridad y Conexiones<\/strong>. \u201cAura Consulting\u201d, adopta medidas de seguridad razonablemente adecuadas para reducir los riesgos que conlleva extender sus servicios a trav\u00e9s de Internet. No obstante, el Usuario debe ser consciente de que las medidas de seguridad de los sistemas inform\u00e1ticos en Internet no son enteramente fiables y que, por tanto, \u201cAura Consulting\u201d no puede garantizar la inexistencia de virus u otros elementos que puedan producir alteraciones en los sistemas de informaci\u00f3n del Usuario. En consecuencia, \u201cAura Consulting\u201d no responde por los da\u00f1os y perjuicios que tales elementos pudieran ocasionar al Usuario o a terceros. \u201cAura Consulting\u201d no es responsable de los fallos que se puedan producir en las comunicaciones y no garantiza la disponibilidad y continuidad de funcionamiento del Portal y de los Servicios. Por ello, \u201cAura Consulting\u201d no garantiza la inexistencia de errores o interrupciones en el acceso al Portal o a su contenido. El Usuario queda informado de que la utilizaci\u00f3n de los sistemas electr\u00f3nicos de transmisi\u00f3n de datos y el correo electr\u00f3nico no ofrece garant\u00edas absolutas de seguridad. El Usuario y \u201cAura Consulting\u201d se exoneran mutuamente de cualquier responsabilidad derivada de hechos como la no recepci\u00f3n o la demora de la misma, el error o intercepci\u00f3n de las comunicaciones.<\/p>\n\n\n\n<p class=\"has-text-align-left has-contrast-color has-text-color has-link-color has-medium-font-size wp-elements-56cb87ff4ab7b44f202f78d36deb2693\"><strong>9. Legislaci\u00f3n aplicable y jurisdicci\u00f3n.<\/strong>\u00a0Las presentes Condiciones Generales se rigen, en todos y cada uno de sus extremos, por la Ley espa\u00f1ola. \u201cAura Consulting\u201d y el Usuario, con renuncia expresa a cualquier otro fuero, se someten, para cualquier controversia que pudiera derivarse del acceso o uso del Portal, a los Juzgados y Tribunales Espa\u00f1oles<\/p>\n\n\n\n<p class=\"has-text-align-left has-contrast-color has-text-color has-link-color has-medium-font-size wp-elements-a75cad58a6e8577b8933611866489648\"><strong>10. Contacto.<\/strong>&nbsp;Si el Usuario alberga alguna duda relativa a estas Condiciones Generales o desea hacer cualquier comentario sobre el Portal, puede dirigirse a la siguiente direcci\u00f3n de correo electr\u00f3nico:&nbsp;<a href=\"mailto:info@tarotistarecomendada.com\">info@tarotistarecomendada.com<\/a><\/p>\n<\/div><\/div>\n","protected":false},"excerpt":{"rendered":"<p>Condiciones Generales de Utilizaci\u00f3n del Sitio Web del Cliente 1. Datos identificativos e informaci\u00f3n general. Esta direcci\u00f3n Web, es un dominio de Internet que contiene un Portal de Internet o P\u00e1gina web (en adelante el \u00abPortal\u00bb), propiedad de Jennifer L\u00f3pez &#8230; <a title=\"Aviso legal\" class=\"read-more\" href=\"https:\/\/tarotmar.es\/index.php\/aviso-legal\/\" aria-label=\"Leer m\u00e1s sobre Aviso legal\">Read More<\/a><\/p>\n","protected":false},"author":1,"featured_media":0,"parent":0,"menu_order":0,"comment_status":"closed","ping_status":"closed","template":"","meta":{"footnotes":""},"class_list":["post-592","page","type-page","status-publish"],"_links":{"self":[{"href":"https:\/\/tarotmar.es\/index.php\/wp-json\/wp\/v2\/pages\/592","targetHints":{"allow":["GET"]}}],"collection":[{"href":"https:\/\/tarotmar.es\/index.php\/wp-json\/wp\/v2\/pages"}],"about":[{"href":"https:\/\/tarotmar.es\/index.php\/wp-json\/wp\/v2\/types\/page"}],"author":[{"embeddable":true,"href":"https:\/\/tarotmar.es\/index.php\/wp-json\/wp\/v2\/users\/1"}],"replies":[{"embeddable":true,"href":"https:\/\/tarotmar.es\/index.php\/wp-json\/wp\/v2\/comments?post=592"}],"version-history":[{"count":4,"href":"https:\/\/tarotmar.es\/index.php\/wp-json\/wp\/v2\/pages\/592\/revisions"}],"predecessor-version":[{"id":664,"href":"https:\/\/tarotmar.es\/index.php\/wp-json\/wp\/v2\/pages\/592\/revisions\/664"}],"wp:attachment":[{"href":"https:\/\/tarotmar.es\/index.php\/wp-json\/wp\/v2\/media?parent=592"}],"curies":[{"name":"wp","href":"https:\/\/api.w.org\/{rel}","templated":true}]}}